{"id":67,"date":"2012-12-27T11:16:28","date_gmt":"2012-12-27T09:16:28","guid":{"rendered":"http:\/\/new.oammr-mh.ro\/?page_id=67"},"modified":"2020-11-10T12:58:23","modified_gmt":"2020-11-10T10:58:23","slug":"link-uri","status":"publish","type":"page","link":"https:\/\/www.oammr-mh.ro\/?page_id=67","title":{"rendered":"Link-uri"},"content":{"rendered":"<p><span style=\"color: #666666;\"><b>Institu\u0163ii na\u0163ionale:<\/b><br \/>\n<\/span><span style=\"color: #666666;\">&#8211; <\/span><span style=\"color: #cc3300;\"><a href=\"http:\/\/www.gov.ro\/\" target=\"_blank\"><span style=\"color: #666666;\">Guvernul Rom\u00e2niei<\/span><\/a><\/span><span style=\"color: #666666;\"><br \/>\n<\/span><span style=\"color: #666666;\">&#8211; <\/span><span style=\"color: #cc3300;\"><a href=\"http:\/\/www.ms.ro\/\" target=\"_blank\"><span style=\"color: #666666;\">Ministerul S\u0103n\u0103t\u0103\u0163ii<\/span><\/a><\/span><span style=\"color: #666666;\"><br \/>\n&#8211; <\/span><span style=\"color: #cc3300;\"><a href=\"http:\/\/www.edu.ro\/\" target=\"_blank\"><span style=\"color: #666666;\">Ministerul Educa\u0163iei, Cercet\u0103rii \u015fi Tineretului<\/span><\/a><\/span><span style=\"color: #666666;\"><br \/>\n&#8211; <\/span><span style=\"color: #cc3300;\"><a href=\"http:\/\/www.casan.ro\/\" target=\"_blank\"><span style=\"color: #666666;\">Casa Na\u0163ional\u0103 de Asigur\u0103ri de S\u0103n\u0103tate<\/span><\/a><\/span><span style=\"color: #666666;\"><br \/>\n&#8211; <\/span><span style=\"color: #cc3300;\"><a href=\"http:\/\/www.casan.ro\/cjasmh\/\" target=\"_blank\"><span style=\"color: #666666;\">Casa Jude\u0163ean\u0103 de Asigur\u0103ri de S\u0103n\u0103tate<\/span><\/a><\/span><span style=\"color: #666666;\"><br \/>\n&#8211; <\/span><span style=\"color: #cc3300;\"><a href=\"http:\/\/www.cmr.ro\/\" target=\"_blank\"><span style=\"color: #666666;\">Colegiul Medicilor<\/span><\/a><\/span><a href=\"http:\/\/www.cmr.ro\/\" target=\"_blank\"><span style=\"color: #666666;\"> din Rom\u00e2nia<\/span><\/a><span style=\"color: #666666;\"><br \/>\n&#8211; <\/span><a href=\"http:\/\/medinfo.umft.ro\/rsmi\" target=\"_blank\"><span style=\"color: #666666;\">Societatea Rom\u00e2n\u0103 de Informatic\u0103 Medical\u0103<\/span><\/a><span style=\"color: #666666;\"><br \/>\n&#8211; <\/span><span style=\"color: #cc3300;\"><a href=\"http:\/\/www.lrsm.ro\/lrsm\/index.htm\" target=\"_blank\"><span style=\"color: #666666;\">Liga Rom\u00e2n\u0103 pentru S\u0103n\u0103tate Mintal\u0103<\/span><\/a><\/span><span style=\"color: #666666;\"><br \/>\n<\/span><span style=\"color: #666666;\"><b>&#8211; <\/b><\/span><span style=\"color: #cc3300;\"><a href=\"http:\/\/www.msf-dgf.ro\/\" target=\"_blank\"><span style=\"color: #666666;\">Catalogul na\u0163ional al pre\u0163urilor la medicamentele eliberate cu prescrip\u0163ie medical\u0103<\/span><\/a><\/span><b><\/b><\/p>\n<p>Institu\u0163ii interna\u0163ionale:<br \/>\n&#8211; <span style=\"color: #cc3300;\"><a href=\"http:\/\/www.who.int\/\" target=\"_blank\"><span style=\"color: #666666;\">Organiza\u0163ia Mondial\u0103 a S\u0103n\u0103t\u0103\u0163ii<\/span><\/a><\/span><span style=\"color: #666666;\"><br \/>\n&#8211; <\/span><span style=\"color: #cc3300;\"><a href=\"http:\/\/www.who.dk\/\" target=\"_blank\"><span style=\"color: #666666;\">Organiza\u0163ia Mondial\u0103 a S\u0103n\u0103t\u0103\u0163ii<\/span><\/a><\/span><span style=\"color: #cc3300;\"><a href=\"http:\/\/www.who.dk\/\" target=\"_blank\"><span style=\"color: #666666;\"> &#8211; Biroul European<\/span><\/a><\/span><span style=\"color: #666666;\"><br \/>\n&#8211; <\/span><span style=\"color: #cc3300;\"><a href=\"http:\/\/www.who.int\/whosis\/#tools\" target=\"_blank\"><span style=\"color: #666666;\">Organiza\u0163ia Mondial\u0103 a S\u0103n\u0103t\u0103\u0163ii &#8211; Statistical Information System<\/span><\/a><\/span><span style=\"color: #666666;\"><br \/>\n&#8211; <\/span><span style=\"color: #cc3300;\"><a href=\"https:\/\/www.euro.who.int\/en\/home\" target=\"_blank\"><span style=\"color: #666666;\">EUPHIN-EAST &#8211; re\u0163eaua informa\u0163ional\u0103 din domeniul s\u0103n\u0103t\u0103\u0163ii pentru Europa de Est<\/span><\/a><\/span><span style=\"color: #666666;\"><br \/>\n&#8211; <\/span><span style=\"color: #cc3300;\"><a href=\"http:\/\/www.eurohealthnet.org\/\" target=\"_blank\"><span style=\"color: #666666;\">European Network of Health Promotion Agencies<\/span><\/a><\/span><span style=\"color: #666666;\"><br \/>\n&#8211; <\/span><span style=\"color: #cc3300;\"><a href=\"http:\/\/www.cdc.gov\/\" target=\"_blank\"><span style=\"color: #666666;\">CDC ATLANTA &#8211; Centers for Disease Control and Prevention<\/span><\/a><\/span><span style=\"color: #666666;\"><br \/>\n&#8211; <\/span><span style=\"color: #cc3300;\"><a href=\"http:\/\/www.cnn.com\/health\" target=\"_blank\"><span style=\"color: #666666;\">CNN &#8211; informa\u0163ii din domeniul s\u0103n\u0103t\u0103\u0163ii<\/span><\/a><\/span><\/p>\n<p><span style=\"color: #666666;\"><b>Publica\u0163ii na\u0163ionale:<\/b><br \/>\n&#8211; <\/span><span style=\"color: #cc3300;\"><a href=\"http:\/\/www.vmr.ro\/\" target=\"_blank\"><span style=\"color: #666666;\">Via\u0163a Medical\u0103 (editorial s<\/span><span style=\"color: #666666;\">\u0103pt\u0103m\u00e2nal)<\/span><\/a><\/span><b><\/b><\/p>\n<p>Publica\u0163ii interna\u0163ionale:<br \/>\n&#8211; <span style=\"color: #cc3300;\"><a href=\"http:\/\/www.infirmieremagazine.com\/\" target=\"_blank\"><span style=\"color: #666666;\">Infirmiere magazine<\/span><\/a><\/span><span style=\"color: #666666;\"><br \/>\n&#8211; <\/span><span style=\"color: #cc3300;\"><a href=\"http:\/\/www.bmj.ro\/\" target=\"_blank\"><span style=\"color: #666666;\">British Medical Journal<\/span><span style=\"color: #666666;\"> (edi\u0163ia \u00een limba rom\u00e2n\u0103)<\/span><\/a><\/span><span style=\"color: #666666;\"><br \/>\n<\/span><a href=\"http:\/\/www.bmj.com\/\" target=\"_blank\"><span style=\"color: #666666;\">&#8211; British Medical Journal (edi<\/span><span style=\"color: #666666;\">\u0163ia \u00een limba enlez\u0103)<\/span><\/a><span style=\"color: #666666;\"><br \/>\n<\/span><a href=\"http:\/\/www.jama.com\/\" target=\"_blank\"><span style=\"color: #666666;\">&#8211; Journal of the American Medical Association<\/span><\/a><\/p>\n<p><span style=\"color: #666666;\"><b>Site-uri medicale na\u0163ionale:<\/b><br \/>\n&#8211; <\/span><span style=\"color: #cc3300;\"><a href=\"http:\/\/www.sanatate-publica.ro\/\" target=\"_blank\"><span style=\"color: #666666;\">S\u0103n\u0103tate public\u0103<\/span><\/a><\/span><\/p>\n<p><span style=\"color: #666666;\"><b>Site-uri medicale interna\u0163ionale:<\/b><br \/>\n<\/span><span style=\"color: #666666;\">&#8211; <\/span><span style=\"color: #cc3300;\"><a href=\"http:\/\/www.mediclass.org\/\" target=\"_blank\"><span style=\"color: #666666;\">Portal cu link-uri medicale<\/span><\/a><\/span><\/p>\n","protected":false},"excerpt":{"rendered":"<p>Institu\u0163ii na\u0163ionale: &#8211; Guvernul Rom\u00e2niei &#8211; Ministerul S\u0103n\u0103t\u0103\u0163ii &#8211; Ministerul Educa\u0163iei, Cercet\u0103rii \u015fi Tineretului &#8211; Casa Na\u0163ional\u0103 de Asigur\u0103ri de S\u0103n\u0103tate &#8211; Casa Jude\u0163ean\u0103 de Asigur\u0103ri de S\u0103n\u0103tate &#8211; Colegiul Medicilor din Rom\u00e2nia &#8211; Societatea Rom\u00e2n\u0103 de Informatic\u0103 Medical\u0103 &#8211; &hellip; <a href=\"https:\/\/www.oammr-mh.ro\/?page_id=67\">Continu\u0103 s\u0103 cite\u0219ti <span class=\"meta-nav\">&rarr;<\/span><\/a><\/p>\n","protected":false},"author":1,"featured_media":0,"parent":0,"menu_order":0,"comment_status":"closed","ping_status":"closed","template":"","meta":{"footnotes":""},"class_list":["post-67","page","type-page","status-publish","hentry"],"_links":{"self":[{"href":"https:\/\/www.oammr-mh.ro\/index.php?rest_route=\/wp\/v2\/pages\/67","targetHints":{"allow":["GET"]}}],"collection":[{"href":"https:\/\/www.oammr-mh.ro\/index.php?rest_route=\/wp\/v2\/pages"}],"about":[{"href":"https:\/\/www.oammr-mh.ro\/index.php?rest_route=\/wp\/v2\/types\/page"}],"author":[{"embeddable":true,"href":"https:\/\/www.oammr-mh.ro\/index.php?rest_route=\/wp\/v2\/users\/1"}],"replies":[{"embeddable":true,"href":"https:\/\/www.oammr-mh.ro\/index.php?rest_route=%2Fwp%2Fv2%2Fcomments&post=67"}],"version-history":[{"count":5,"href":"https:\/\/www.oammr-mh.ro\/index.php?rest_route=\/wp\/v2\/pages\/67\/revisions"}],"predecessor-version":[{"id":928,"href":"https:\/\/www.oammr-mh.ro\/index.php?rest_route=\/wp\/v2\/pages\/67\/revisions\/928"}],"wp:attachment":[{"href":"https:\/\/www.oammr-mh.ro\/index.php?rest_route=%2Fwp%2Fv2%2Fmedia&parent=67"}],"curies":[{"name":"wp","href":"https:\/\/api.w.org\/{rel}","templated":true}]}}