{"id":63,"date":"2012-12-27T11:15:30","date_gmt":"2012-12-27T09:15:30","guid":{"rendered":"http:\/\/new.oammr-mh.ro\/?page_id=63"},"modified":"2017-11-07T08:43:14","modified_gmt":"2017-11-07T06:43:14","slug":"acreditare-emc","status":"publish","type":"page","link":"https:\/\/www.oammr-mh.ro\/?page_id=63","title":{"rendered":"Acreditare EMC"},"content":{"rendered":"<p align=\"center\"><strong>NORME DE\u00a0ACREDITARE A FURNIZORILOR DE<br \/>\nEDUCA\u021aIE MEDICAL\u0102 CONTINU\u0102<\/strong><\/p>\n<p>Art. 1 \u00a0Furnizorii de educa\u021bie medical\u0103 continu\u0103, denumi\u021bi \u00een continuare furnizori de EMC, sunt: universit\u0103\u0163i sau facult\u0103\u0163i de medicin\u0103 \u015fi farmacie acreditate\/autorizate,\u00a0 institu\u021bii cu rol de \u00eenv\u0103\u0163\u0103m\u00e2nt,\u00a0 organizatii\/societ\u0103\u0163i, clinici universitare, spitale,\u00a0 filialele jude\u0163ene\/mun. Bucure\u015fti ale OAMGMAMR, formatori persoane fizice, care asigur\u0103 managementul formelor de educa\u021bie medical\u0103 continu\u0103.<\/p>\n<p>Art. 2 \u00a0Furnizorii de EMC se acrediteaz\u0103 de c\u0103tre Ordinul Asisten\u021bilor Medicali Generali\u0219ti, Moa\u0219elor \u0219i Asisten\u021bilor Medicali din Rom\u00e2nia denumit \u00een continuare OAMGMAMR, cu avizul Ministerului S\u0103n\u0103t\u0103\u0163ii \u0219i se reacrediteaz\u0103 anual \u00een perioadele stabilite de c\u0103tre acesta.<\/p>\n<p>Art. 3 (1)\u00a0 \u00cen vederea acredit\u0103rii, furnizorii prev\u0103zu\u0163i la art. 1 trebuie s\u0103 \u00eendeplineasc\u0103 urm\u0103toarele criterii:<\/p>\n<p>a) s\u0103 aib\u0103 prev\u0103zut ca obiect de activitate serviciul pentru care se solicit\u0103 acreditarea;<br \/>\nb) fac excep\u021bie de la prevederile lit.a) institu\u021biile universitare \u0219i de formare continu\u0103 nemedicale legal acreditate.<br \/>\nc) s\u0103 demonstreze accesul la dotarea tehnic\u0103 pentru desf\u0103\u0219urarea unor activit\u0103\u021bi educa\u021bionale: \u00a0s\u0103li de curs,\u00a0 aparatur\u0103 de proiec\u0163ie, capacitatea de a desf\u0103\u015fura aplica\u0163ii practice, surse de finan\u0163are.<br \/>\nd) s\u0103 poat\u0103 dovedi calificarea \u0219i competen\u021ba profesional\u0103 \u0219i educa\u021bional\u0103 a prestatorilor de servicii de EMC, corespunz\u0103tor formei de EMC pe care o organizeaz\u0103.<\/p>\n<p>(2) \u2013Pentru\u00a0 \u00eendeplinirea criteriilor prev\u0103zute la alin.(1) se vor depune documente doveditoare.<\/p>\n<p>Art. 4 Pentru a fi acredita\u021bi, furnizorii de educa\u0163ie medical\u0103 continu\u0103 vor depune la Comisia Na\u021bional\u0103 de Educa\u021bie Medical\u0103 Continu\u0103 un dosar care va cuprinde urm\u0103toarele documente:<\/p>\n<p>1. Pentru furnizorii de educa\u0163ie medical\u0103 continu\u0103-persoane fizice:<\/p>\n<p>a) cerere tip de acreditare-prezentat\u0103 \u00een anexa nr.1<br \/>\nb) dovada privind calitatea de formator: certificat ANC pentru lectorii asisten\u021bi medicali, cadre didactice, medici \u00een specialitatea tematicii cursului de EMC, farmacist, etc.<br \/>\nc) curriculum vitae;<br \/>\nd) curricula cursurilor;<br \/>\ne) copii legalizate dup\u0103 actele de studii de specialitate \u0219i suplimentul descriptiv\/certificatul de competen\u0163e al acestora, dup\u0103 caz, cu excep\u021bia membrilor OAMGMAMR;<br \/>\nf) copie dup\u0103 actul de identitate;<\/p>\n<p>(2) Pentru furnizorii de educa\u0163ie medical\u0103 continu\u0103-persoane juridice\u00a0:<br \/>\na) cerere tip de acreditare \u2013 prezentat\u0103 \u00een anexa nr.2;<br \/>\nb) certificatul de \u00eenregistrare a persoanei juridice eliberat de Oficiul Registrului Comer\u0163ului\u2013\u00een copie certificat\u0103 pentru conformitate cu semn\u0103tura \u015fi \u015ftampila sau hot\u0103r\u00e2rea judec\u0103toreasc\u0103 de \u00eenfiin\u021bare;<br \/>\nc)\u00a0 certificat constatator eliberat de Oficiul Registrului Comer\u0163ului de pe l\u00e2ng\u0103 Camera de Comer\u0163 \u015fi Industrie Na\u0163ional\u0103 sau Teritorial\u0103, valabil\u00a0 cel mult 30 de zile \u00eenainte de data limit\u0103 de depunere,\u00a0 din care s\u0103 rezulte :<br \/>\n-domeniul de activitate\u00a0;<br \/>\n-date de identificare reprezentan\u0163i legali\/asocia\u0163i \u2013 se prezint\u0103 \u00een original sau copie legalizat\u0103.<br \/>\nd) certificat de \u00eenregistrare fiscal\u0103 (copie).<br \/>\ne) scurt\u0103 prezentare a firmei;<br \/>\nf) dovada c\u0103 societatea are personal de specialitate \u00een tematica pentru care se solicit\u0103 acreditarea (se vor depune \u00een copie, diplome, certificate, cv-uri);.<br \/>\ng) \u00eemputernicire \u00een cazul \u00een care persoana care solicit\u0103 acreditarea nu este reprezentantul legal al persoanei juridice.<\/p>\n<p>Art. 5 Furnizorii de educa\u0163ie medical\u0103 continu\u0103 vor face dovada c\u0103 materialul cursului\/evenimentului se \u00eencadreaz\u0103 \u00een nevoile specifice de formare stabilite de c\u0103tre OAMGMAMR, \u00een conformitate cu Programul Na\u0163ional de Educa\u0163ie Medical\u0103 Continu\u0103.<\/p>\n<p>Art. 6 Persoanele fizice (lectori\/demonstratori) \u0219i persoanele juridice trebuie s\u0103 nu fi avut sau s\u0103 aib\u0103 \u00een derulare litigii cu OAMGMAMR, sanc\u021biuni disciplinare,\u00a0 atitudini\/ac\u021biuni care s\u0103 aduc\u0103 atingere profesiei de asistent medical generalist, moa\u015f\u0103 si asistent medical.<\/p>\n<p>Art. 7 \u00a0Toate persoanele juridice care solicit\u0103 acreditarea cu excep\u0163ia celor prev\u0103zute la art.3 alin.(1) lit.b, trebuie s\u0103 aib\u0103 prev\u0103zut \u00een obiectul de activitate al societ\u0103\u021bii, \u201c alte forme de \u00eenv\u0103\u021b\u0103m\u00e2nt\u201d, cod CAEN 8559.<\/p>\n<p>Art. 8 \u00a0Cererile de acreditare se vor solu\u021biona \u00een termen de maximum 60 de zile de la data depunerii acestora, iar rezultatul se va comunica \u00een scris solicitan\u021bilor.<\/p>\n<p>Art. 9\u00a0 Dup\u0103 acreditare, furnizorii de educa\u0163ie medical\u0103 continu\u0103 vor solicita creditarea cursurilor conform Programului Na\u0163ional de Educa\u0163ie Medical\u0103 Continu\u0103.<\/p>\n<p>Art. 10 \u00a0Furnizorii de educa\u0163ie medical\u0103 continu\u0103 nu pot avea calitatea de\u00a0 organizatori\u00a0 ai cursurilor \u0219i evenimentelor din cadrul Programului Na\u0163ional de Educa\u0163ie Medical\u0103 Continu\u0103 al OAMGMAMR ci dup\u0103 caz, numai de co-organizatori \u00een colaborare cu OAMGMAMR.<\/p>\n<p>Art. 11 Taxa de participare la cursurile \u0219i evenimentele incluse \u00een Programul Na\u0163ional de Educa\u0163ie Medical\u0103 Continu\u0103 va fi stabilit\u0103 prin hot\u0103r\u00e2re a Consiliului Na\u021bional al OAMGMAMR.<\/p>\n<p>Art. 12\u00a0 \u00cen calitate de organizator\/co-organizator, OAMGMAMR va elibera diplomele de participare \u00een baza raportului de curs prezentat \u00een anexa nr.3, listelor de prezen\u0163\u0103 cu semn\u0103tura participan\u0163ilor \u015fi a fi\u015felor de eviden\u0163\u0103 transmise de c\u0103tre furnizor sau\u00a0\u00a0 co-organizator, \u00een termen de 15 zile.<\/p>\n<p>Art. 13 Neprezentarea documentelor prev\u0103zute la art.12, atrage anularea avizului de acreditare \u015fi neeliberarea certificatelor de participare la curs, a asisten\u0163ilor medicali generali\u015fti, moa\u015felor \u015fi asisten\u0163ilor medicali.<\/p>\n<p>Art. 14 To\u0163i furnizorii de educa\u0163ie medical\u0103 continu\u0103 se reacrediteaz\u0103 pentru fiecare an calendaristic p\u00e2n\u0103 la data de 31 octombrie pentru anul urm\u0103tor.<\/p>\n<p>Art. 15 OAMGMAMR prin filialele sale, va monitoriza desf\u0103\u0219urarea cursurilor, evenimentelor din cadrul Programului Na\u0163ional de Educa\u0163ie Medical\u0103 Continu\u0103, av\u00e2nd ca obiectiv ridicarea standardelor profesionale.<\/p>\n<p>Art. 16\u00a0 Furnizorii de educa\u0163ie medical\u0103 continu\u0103 care nu respect\u0103 normele Programului Na\u0163ional de Educa\u0163ie Medical\u0103 Continu\u0103 pierd calitatea de furnizor \u00een rela\u0163ia cu OAMGMAMR prin decizia Biroului Executiv al OAMGMAMR, la propunerea Comisiei Na\u0163ionale de Educa\u0163ie Medical\u0103 Continu\u0103.<\/p>\n<p>Art. 17\u00a0 Organizatorii \u0219i lectorii cursurilor \u0219i evenimentelor vor semna listele de prezen\u0163\u0103 cu participan\u021bii \u0219i \u00ee\u0219i vor asuma responsabilitatea datelor \u00eenscrise, care vor fi avizate de c\u0103tre pre\u015fedin\u0163ii filialelor jude\u0163ene\/mun. Bucuresti ale OAMGMAMR.<\/p>\n<p>Art. 18 Furnizorii de educa\u0163ie medical\u0103 continu\u0103 acredita\u021bi vor fi \u00eenregistra\u021bi \u00een registrul na\u021bional al furnizorilor de educa\u021bie medical\u0103 continu\u0103 prev\u0103zut \u00een anexa nr.4.<\/p>\n<p>Art. 19 Lista furnizorilor de educa\u0163ie medical\u0103 continu\u0103 acredita\u0163i prev\u0103zut\u0103 \u00een anexa \u00a0nr. 5 se va \u00eenainta spre avizare Ministerului S\u0103n\u0103t\u0103\u0163ii \u0219i se va afi\u0219a pe site-ul OAMGMAMR.<\/p>\n<p>Art. 20 Firmele de medicamente \u015fi materiale sanitare nu pot fi furnizori de educa\u0163ie medical\u0103 continu\u0103.<\/p>\n<p>Art. 21 Cursurile organizate de universit\u0103\u0163i sau facult\u0103\u0163i de medicin\u0103 \u015fi farmacie acreditate\/autorizate \u015fi institu\u0163iile cu rol de \u00eenv\u0103\u0163\u0103m\u00e2nt vor fi creditate \u00een baza protocoalelor \u00eencheiate cu OAMGMAMR.<\/p>\n<p>Art. 22 Furnizorii de educa\u0163ie medical\u0103 continu\u0103 acredita\u021bi vor sus\u021bine cursuri de educa\u021bie medical\u0103 continu\u0103 numai dup\u0103 informarea filialelor OAMGMAMR cu cel pu\u0163in 15 zile \u00eenainte de \u00eenceperea derul\u0103rii cursurilor.<\/p>\n<p>Art. 23 Nerespectarea prevederilor men\u0163ionate la art.22, duce la anularea avizului de c\u0103tre Biroul Executiv al OAMGMAMR.<\/p>\n","protected":false},"excerpt":{"rendered":"<p>NORME DE\u00a0ACREDITARE A FURNIZORILOR DE EDUCA\u021aIE MEDICAL\u0102 CONTINU\u0102 Art. 1 \u00a0Furnizorii de educa\u021bie medical\u0103 continu\u0103, denumi\u021bi \u00een continuare furnizori de EMC, sunt: universit\u0103\u0163i sau facult\u0103\u0163i de medicin\u0103 \u015fi farmacie acreditate\/autorizate,\u00a0 institu\u021bii cu rol de \u00eenv\u0103\u0163\u0103m\u00e2nt,\u00a0 organizatii\/societ\u0103\u0163i, clinici universitare, spitale,\u00a0 filialele &hellip; <a href=\"https:\/\/www.oammr-mh.ro\/?page_id=63\">Continu\u0103 s\u0103 cite\u0219ti <span class=\"meta-nav\">&rarr;<\/span><\/a><\/p>\n","protected":false},"author":1,"featured_media":0,"parent":0,"menu_order":0,"comment_status":"closed","ping_status":"closed","template":"","meta":{"footnotes":""},"class_list":["post-63","page","type-page","status-publish","hentry"],"_links":{"self":[{"href":"https:\/\/www.oammr-mh.ro\/index.php?rest_route=\/wp\/v2\/pages\/63","targetHints":{"allow":["GET"]}}],"collection":[{"href":"https:\/\/www.oammr-mh.ro\/index.php?rest_route=\/wp\/v2\/pages"}],"about":[{"href":"https:\/\/www.oammr-mh.ro\/index.php?rest_route=\/wp\/v2\/types\/page"}],"author":[{"embeddable":true,"href":"https:\/\/www.oammr-mh.ro\/index.php?rest_route=\/wp\/v2\/users\/1"}],"replies":[{"embeddable":true,"href":"https:\/\/www.oammr-mh.ro\/index.php?rest_route=%2Fwp%2Fv2%2Fcomments&post=63"}],"version-history":[{"count":4,"href":"https:\/\/www.oammr-mh.ro\/index.php?rest_route=\/wp\/v2\/pages\/63\/revisions"}],"predecessor-version":[{"id":557,"href":"https:\/\/www.oammr-mh.ro\/index.php?rest_route=\/wp\/v2\/pages\/63\/revisions\/557"}],"wp:attachment":[{"href":"https:\/\/www.oammr-mh.ro\/index.php?rest_route=%2Fwp%2Fv2%2Fmedia&parent=63"}],"curies":[{"name":"wp","href":"https:\/\/api.w.org\/{rel}","templated":true}]}}