{"id":404,"date":"2016-03-03T16:08:09","date_gmt":"2016-03-03T14:08:09","guid":{"rendered":"http:\/\/www.oammr-mh.ro\/?page_id=404"},"modified":"2016-10-05T20:44:28","modified_gmt":"2016-10-05T17:44:28","slug":"puncte-de-vedere","status":"publish","type":"page","link":"https:\/\/www.oammr-mh.ro\/?page_id=404","title":{"rendered":"PUNCTE DE VEDERE&#8230;"},"content":{"rendered":"<p><a href=\"https:\/\/www.oammr-mh.ro\/?attachment_id=470\" rel=\"attachment wp-att-470\">Demersuri<\/a><\/p>\n<p><strong>Problematica echival\u0103rii studiilor- punctul de vedere al OAMGMAMR<\/strong><\/p>\n<p>Av\u00e2nd \u00een vedere at\u00e2t importan\u021ba pe care problematica echival\u0103rii o are pentru membrii organiza\u021biei noastre c\u00e2t \u0219i dezinform\u0103rile \u0219i acuza\u021biile pe care le-am observat \u00een mediul online, mass-media \u0219i re\u021belele sociale, Ordinul Asisten\u021bilor Medicali Generali\u0219ti, Moa\u0219elor \u0219i Asisten\u021bilor Medicali din Rom\u00e2nia (OAMGMAMR) \u00ee\u0219i face cunoscut punctul de vedere cu privire la aceast\u0103 problem\u0103.<\/p>\n<p>Ordinul Asisten\u021bilor Medicali Generali\u0219ti, Moa\u0219elor \u0219i Asisten\u021bilor Medicali din Rom\u00e2nia nu se pozi\u021bioneaz\u0103 \u00eempotriva echival\u0103rii studiilor asistentelor medicale absolvente de \u0219coli postliceale cu asistentele medicale absolvente de studii superioare. Mai mult, OAMGMAMR, prin reprezentarea direct\u0103 a D-lui Pre\u0219edinte Mircea Timofte, a participat la \u0219edin\u021ba Comisiei de Dialog Social,\u00a0 din 25 februarie 2016, al c\u0103rei obiectiv a fost ini\u021bierea unui proces de solu\u021bionare a acestei probleme. \u00cen cazul \u00een care va fi invitat\u0103, organiza\u021bia noastr\u0103 inten\u021bioneaz\u0103 s\u0103 participe \u0219i pe viitor la asemenea \u00eent\u00e2lniri, oferind consultan\u021b\u0103 pentru rezolvarea acestei provoc\u0103ri.<\/p>\n<p>Solicitarea privind echivalarea studiilor contravine \u00een momentul de fa\u021b\u0103 legisla\u021biei \u00een vigoare, respectiv Legea nr. 1\/2011, care prevede \u00een Articolul 120:<\/p>\n<p><strong><em>Calific\u0103rile dob\u00e2ndite de absolven\u0163ii programelor de studii din \u00eenv\u0103\u0163\u0103m\u00e2ntul superior sunt atestate prin diplome, prin certificate \u015fi prin alte acte de studii eliberate numai de c\u0103tre institu\u0163iile de \u00eenv\u0103\u0163\u0103m\u00e2nt superior acreditate<\/em><\/strong><strong><em>\u00a0<\/em><\/strong><strong>\u0219i care potrivit articolului 174 stipuleaz\u0103:<\/strong><strong><em>\u00a0<\/em><\/strong><strong><em>\u00cen \u00eenv\u0103\u0163\u0103m\u00e2ntul superior din domeniul s\u0103n\u0103tate nu se pot transforma \u00een credite echivalate \u015fi transfera studiile ob\u0163inute \u00een \u00eenv\u0103\u0163\u0103m\u00e2ntul postliceal.<\/em><\/strong><\/p>\n<p>\u00cen contextul dat, consider\u0103m eficient ca toate organiza\u021biile care vor s\u0103 demareze ini\u021biative de rezolvare a problemei, s\u0103 le adreseze c\u0103tre Ministerului Educa\u021biei Na\u021bionale \u0219i Cercet\u0103rii \u0218tiin\u021bifice, nu c\u0103tre Ministerul S\u0103n\u0103t\u0103\u021bii, a\u0219a cum s-a f\u0103cut p\u00e2n\u0103 \u00een acest moment, acest organism fiind direct responsabil de formarea asisten\u021bilor medicali.<\/p>\n<p>Astfel, una din solu\u021biile pe care le vedem posibile este acreditarea de c\u0103tre ARACIS a unui program de scurt\u0103 durat\u0103 \u00a0\u00een sistemul de educa\u021bie superioar\u0103, la care s\u0103 aib\u0103 acces numai absolven\u021bi ai \u0219colilor postliceale, program \u00een urma c\u0103ruia asistentele medicale s\u0103 devin\u0103 absolvente de studii superioare. \u021ainem s\u0103 men\u021bion\u0103m, totu\u0219i, c\u0103 universit\u0103\u021bile care vor decide s\u0103 deruleze un astfel de program, nu vor putea accepta sub umbrela programului dec\u00e2t un num\u0103r restr\u00e2ns de participan\u021bi, \u00eentruc\u00e2t trebuie s\u0103 respecte standardele de calitate impuse (propor\u021bionalitatea direct\u0103 \u00eentre cadre didactice \u0219i studen\u021bi, existen\u021ba unei baze materiale suficiente, etc.).<\/p>\n<p>Mai mult, consider\u0103m c\u0103 propunerea desfiin\u021b\u0103rii \u0219colilor postliceale de profil este o solu\u021bie extrem\u0103 \u0219i poate fi v\u0103zut\u0103 ca av\u00e2nd caracter discriminatoriu \u0219i limitativ, \u00eenc\u0103lc\u00e2nd o serie de principii care stau la baza legii \u00eenv\u0103\u021b\u0103m\u00e2ntului, printre care principiul asigur\u0103rii egalit\u0103\u021bii de \u0219anse \u0219i principiul incluziunii sociale.<\/p>\n<p>Ordinul Asisten\u021bilor Medicali Generali\u0219ti, Moa\u0219elor \u0219i Asisten\u021bilor Medicali din Rom\u00e2nia este o organiza\u021bie profesional\u0103 \u0219i de reglementare cu rol de a elabora norme \u0219i reguli de practicare a profesiei de asistent medical generalist, moa\u0219\u0103 \u0219i asistent medical, astfel \u00eenc\u00e2t profesioni\u0219tii s\u0103 asigure pacien\u021bilor servicii de calitate, \u00een condi\u021bii de siguran\u021b\u0103 \u0219i securitate. A\u0219adar, subliniem c\u0103, indiferent de maniera \u00een care se va solu\u021biona aceasta spe\u021b\u0103, aten\u021bia organiza\u021biei noastre se va \u00eendrepta \u00een mod constant spre calitatea procesului de educa\u021bie \u0219i formare al asisten\u021bilor medicali, care va determina calitatea serviciilor oferite pacien\u021bilor.<\/p>\n<p>\u00cen final, OAMGMAMR atrage aten\u021bia tuturor organiza\u021biilor care reprezint\u0103 interesele\u00a0 cadrelor medicale asupra responsabilit\u0103\u021bii pe care o avem \u00een interpretarea actelor normative \u0219i modalitatea sincer\u0103 \u0219i dezinteresat\u0103 \u00een care transmitem mesajele c\u0103tre grupurile noastre \u021bint\u0103.<\/p>\n<p>Ordinul Asisten\u021bilor Medicali Generali\u0219ti, Moa\u0219elor \u0219i Asisten\u021bilor Medicali din Rom\u00e2nia<\/p>\n<p>Pre\u0219edinte<\/p>\n<p>Mircea Timofte<\/p>\n<p>&nbsp;<\/p>\n","protected":false},"excerpt":{"rendered":"<p>Demersuri Problematica echival\u0103rii studiilor- punctul de vedere al OAMGMAMR Av\u00e2nd \u00een vedere at\u00e2t importan\u021ba pe care problematica echival\u0103rii o are pentru membrii organiza\u021biei noastre c\u00e2t \u0219i dezinform\u0103rile \u0219i acuza\u021biile pe care le-am observat \u00een mediul online, mass-media \u0219i re\u021belele sociale, &hellip; <a href=\"https:\/\/www.oammr-mh.ro\/?page_id=404\">Continu\u0103 s\u0103 cite\u0219ti <span class=\"meta-nav\">&rarr;<\/span><\/a><\/p>\n","protected":false},"author":1,"featured_media":0,"parent":0,"menu_order":0,"comment_status":"closed","ping_status":"closed","template":"","meta":{"footnotes":""},"class_list":["post-404","page","type-page","status-publish","hentry"],"_links":{"self":[{"href":"https:\/\/www.oammr-mh.ro\/index.php?rest_route=\/wp\/v2\/pages\/404","targetHints":{"allow":["GET"]}}],"collection":[{"href":"https:\/\/www.oammr-mh.ro\/index.php?rest_route=\/wp\/v2\/pages"}],"about":[{"href":"https:\/\/www.oammr-mh.ro\/index.php?rest_route=\/wp\/v2\/types\/page"}],"author":[{"embeddable":true,"href":"https:\/\/www.oammr-mh.ro\/index.php?rest_route=\/wp\/v2\/users\/1"}],"replies":[{"embeddable":true,"href":"https:\/\/www.oammr-mh.ro\/index.php?rest_route=%2Fwp%2Fv2%2Fcomments&post=404"}],"version-history":[{"count":6,"href":"https:\/\/www.oammr-mh.ro\/index.php?rest_route=\/wp\/v2\/pages\/404\/revisions"}],"predecessor-version":[{"id":476,"href":"https:\/\/www.oammr-mh.ro\/index.php?rest_route=\/wp\/v2\/pages\/404\/revisions\/476"}],"wp:attachment":[{"href":"https:\/\/www.oammr-mh.ro\/index.php?rest_route=%2Fwp%2Fv2%2Fmedia&parent=404"}],"curies":[{"name":"wp","href":"https:\/\/api.w.org\/{rel}","templated":true}]}}