{"id":1261,"date":"2021-12-21T13:40:40","date_gmt":"2021-12-21T11:40:40","guid":{"rendered":"https:\/\/www.oammr-mh.ro\/?page_id=1261"},"modified":"2025-01-16T14:10:26","modified_gmt":"2025-01-16T12:10:26","slug":"stiri-la-zi-2","status":"publish","type":"page","link":"https:\/\/www.oammr-mh.ro\/?page_id=1261","title":{"rendered":"STIRI LA ZI"},"content":{"rendered":"\n<p class=\"has-white-color has-text-color has-medium-font-size\"><mark style=\"background-color:rgba(0, 0, 0, 0)\" class=\"has-inline-color has-blue-color\"><\/mark><strong><mark style=\"background-color:rgba(0, 0, 0, 0)\" class=\"has-inline-color has-blue-color\"><\/mark><\/strong><\/p>\n\n\n\n<figure class=\"wp-block-image size-large\"><img loading=\"lazy\" decoding=\"async\" width=\"724\" height=\"1024\" src=\"https:\/\/www.oammr-mh.ro\/wp-content\/uploads\/2025\/01\/image-2-724x1024.png\" alt=\"\" class=\"wp-image-1871\" srcset=\"https:\/\/www.oammr-mh.ro\/wp-content\/uploads\/2025\/01\/image-2-724x1024.png 724w, https:\/\/www.oammr-mh.ro\/wp-content\/uploads\/2025\/01\/image-2-212x300.png 212w, https:\/\/www.oammr-mh.ro\/wp-content\/uploads\/2025\/01\/image-2-1086x1536.png 1086w, https:\/\/www.oammr-mh.ro\/wp-content\/uploads\/2025\/01\/image-2-1448x2048.png 1448w, https:\/\/www.oammr-mh.ro\/wp-content\/uploads\/2025\/01\/image-2.png 1653w\" sizes=\"auto, (max-width: 724px) 100vw, 724px\" \/><\/figure>\n\n\n\n<figure class=\"wp-block-image size-large\"><img loading=\"lazy\" decoding=\"async\" width=\"724\" height=\"1024\" src=\"https:\/\/www.oammr-mh.ro\/wp-content\/uploads\/2025\/01\/image-5-724x1024.png\" alt=\"\" class=\"wp-image-1884\" srcset=\"https:\/\/www.oammr-mh.ro\/wp-content\/uploads\/2025\/01\/image-5-724x1024.png 724w, https:\/\/www.oammr-mh.ro\/wp-content\/uploads\/2025\/01\/image-5-212x300.png 212w, https:\/\/www.oammr-mh.ro\/wp-content\/uploads\/2025\/01\/image-5-1086x1536.png 1086w, https:\/\/www.oammr-mh.ro\/wp-content\/uploads\/2025\/01\/image-5-1448x2048.png 1448w, https:\/\/www.oammr-mh.ro\/wp-content\/uploads\/2025\/01\/image-5.png 1653w\" sizes=\"auto, (max-width: 724px) 100vw, 724px\" \/><\/figure>\n\n\n\n<p><strong>ASIGURARI R\u0102SPUNDERE CIVIL\u0102 ASISTEN\u021aI MEDICALI<\/strong><\/p>\n\n\n\n<p><strong>Referitor la valorile minime asigurate pentru \u00eencheierea asigur\u0103rii de r\u0103spundere civil\u0103 pentru gre\u015feli \u00een activitatea profesional\u0103 &nbsp;<\/strong><\/p>\n\n\n\n<p>Va inform\u0103m c\u0103, \u00een prezent, pentru riscurile ce decurg din activitatea profesional\u0103, asisten\u0163ii medicali generali\u015fti, moa\u015fele \u015fi asisten\u0163ii medicali din sistemul public sau privat, vor \u00eencheia o asigurare de r\u0103spundere civil\u0103 pentru gre\u015feli \u00een activitatea profesional\u0103, la valorile minime a riscului asigurat stabilite prin <strong>Hot\u0103r\u00e2rea Consiliului na\u021bional al OAMGMAMR nr.5\/2018<\/strong> <strong>privind stabilirea valorii minime asigurate pentru r\u0103spunderea civil\u0103 \u00een domeniul medical<\/strong>, publicat\u0103 \u00een Monitorul Oficial al Rom\u00e2niei nr. 278 din 29 martie 2018, dup\u0103 cum urmeaz\u0103:<\/p>\n\n\n\n<p>Art. 1<\/p>\n\n\n\n<p>&nbsp;&nbsp;&nbsp; a) asisten\u0163ii medicali generali\u015fti, moa\u015fele \u015fi asisten\u0163ii medicali care exercit\u0103 profesia \u00een unit\u0103\u0163i sanitare cu paturi, centre de primire urgen\u0163e \u015fi unit\u0103\u0163i de primiri urgen\u0163e, servicii de ambulan\u0163e, echivalentul \u00een lei al sumei de <mark style=\"background-color:rgba(0, 0, 0, 0);color:#f11c1c\" class=\"has-inline-color\"><strong>10.000<\/strong><\/mark> euro;<\/p>\n\n\n\n<p>&nbsp;&nbsp;&nbsp; b) asisten\u0163ii medicali generali\u015fti, moa\u015fele \u015fi asisten\u0163ii medicali care exercit\u0103 profesia \u00een unit\u0103\u0163i de medicin\u0103 primar\u0103, ambulatorii, cabinete medicale individuale, laboratoare, echivalentul \u00een lei al sumei de <mark style=\"background-color:rgba(0, 0, 0, 0);color:#f21414\" class=\"has-inline-color\"><strong>4.000<\/strong> <\/mark>euro;<\/p>\n\n\n\n<p>&nbsp;&nbsp;&nbsp; c) asisten\u0163ii de farmacie, asisten\u0163ii medicali specialitatea igien\u0103 \u015fi s\u0103n\u0103tate public\u0103 \u015fi asisten\u0163ii care \u00ee\u015fi desf\u0103\u015foar\u0103 activitatea \u00een institute\/sec\u0163ii de medicin\u0103 legal\u0103, echivalentul \u00een lei al sumei de <strong><mark style=\"background-color:rgba(0, 0, 0, 0);color:#f41d1d\" class=\"has-inline-color\">2.000<\/mark><\/strong> euro.<\/p>\n\n\n\n<p>&nbsp;&nbsp;&nbsp;&nbsp;&nbsp;&nbsp;&nbsp;&nbsp;&nbsp;&nbsp;&nbsp;&nbsp;&nbsp;&nbsp;&nbsp; Facem precizarea c\u0103, p\u00e2n\u0103 la apari\u021bia altor modific\u0103ri, Hot\u0103r\u00e2rea Consiliului na\u021bional al OAMGMAMR nr.5\/2018, privind stabilirea valorii minime asigurate pentru r\u0103spunderea civil\u0103 \u00een domeniul medical r\u0103m\u00e2ne \u00een vigoare.<\/p>\n\n\n\n<p>Cu stim\u0103,<\/p>\n\n\n\n<p>Secretariatul general al<\/p>\n\n\n\n<p>OAMGMAMR<\/p>\n\n\n\n<p><\/p>\n\n\n\n<p><\/p>\n\n\n\n<p><\/p>\n\n\n\n<h2 class=\"wp-block-heading\"><\/h2>\n\n\n\n<p><\/p>\n\n\n\n<p><\/p>\n\n\n\n<p><\/p>\n\n\n\n<p><\/p>\n","protected":false},"excerpt":{"rendered":"<p>ASIGURARI R\u0102SPUNDERE CIVIL\u0102 ASISTEN\u021aI MEDICALI Referitor la valorile minime asigurate pentru \u00eencheierea asigur\u0103rii de r\u0103spundere civil\u0103 pentru gre\u015feli \u00een activitatea profesional\u0103 &nbsp; Va inform\u0103m c\u0103, \u00een prezent, pentru riscurile ce decurg din activitatea profesional\u0103, asisten\u0163ii medicali generali\u015fti, moa\u015fele \u015fi asisten\u0163ii &hellip; <a href=\"https:\/\/www.oammr-mh.ro\/?page_id=1261\">Continu\u0103 s\u0103 cite\u0219ti <span class=\"meta-nav\">&rarr;<\/span><\/a><\/p>\n","protected":false},"author":1,"featured_media":0,"parent":0,"menu_order":0,"comment_status":"closed","ping_status":"closed","template":"","meta":{"footnotes":""},"class_list":["post-1261","page","type-page","status-publish","hentry"],"_links":{"self":[{"href":"https:\/\/www.oammr-mh.ro\/index.php?rest_route=\/wp\/v2\/pages\/1261","targetHints":{"allow":["GET"]}}],"collection":[{"href":"https:\/\/www.oammr-mh.ro\/index.php?rest_route=\/wp\/v2\/pages"}],"about":[{"href":"https:\/\/www.oammr-mh.ro\/index.php?rest_route=\/wp\/v2\/types\/page"}],"author":[{"embeddable":true,"href":"https:\/\/www.oammr-mh.ro\/index.php?rest_route=\/wp\/v2\/users\/1"}],"replies":[{"embeddable":true,"href":"https:\/\/www.oammr-mh.ro\/index.php?rest_route=%2Fwp%2Fv2%2Fcomments&post=1261"}],"version-history":[{"count":38,"href":"https:\/\/www.oammr-mh.ro\/index.php?rest_route=\/wp\/v2\/pages\/1261\/revisions"}],"predecessor-version":[{"id":1885,"href":"https:\/\/www.oammr-mh.ro\/index.php?rest_route=\/wp\/v2\/pages\/1261\/revisions\/1885"}],"wp:attachment":[{"href":"https:\/\/www.oammr-mh.ro\/index.php?rest_route=%2Fwp%2Fv2%2Fmedia&parent=1261"}],"curies":[{"name":"wp","href":"https:\/\/api.w.org\/{rel}","templated":true}]}}